der when 36 is divided by w.
4
Let u = 2728 - 2679. What is the remainder when 319 is divided by u?
25
Let i(g) = 111*g**2 + 10*g - 1. Let a be i(1). Let b = -31 + a. Let o = 65 + -42. Calculate the remainder when b is divided by o.
20
Let w = -28 - -69. Let r = w + -97. Let y = 0 - r. What is the remainder when y is divided by 30?
26
Let r(c) = 2*c**2 + 169*c + 841. What is the remainder when r(-80) is divided by 31?
28
Let s be 2/(-8) + 3280/64. Suppose 0 = 5*t - 5*o - 94 - s, -113 = -5*t - 3*o. What is the remainder when t is divided by 21/(((-9)/2)/(-3))?
11
What is the remainder when 235 is divided by ((-8)/(-10))/(20 - 41986/2100)?
115
Let i = -34 + 22. Let f = i + 1. Let h = 24 + f. Calculate the remainder when 89 is divided by h.
11
What is the remainder when (((-560)/(-60))/14)/(2/1767) is divided by 86?
73
Suppose 1 = -4*i - 3, 0 = -5*s + 2*i + 192. Calculate the remainder when s is divided by 3296/(-1854) - 588/(-27).
18
Let v = 11315 + -3035. Suppose 48*p + 168 = v. What is the remainder when p is divided by 29?
24
Suppose -10*v - 269 + 919 = 0. Let j = v + -24. What is the remainder when 103 is divided by j?
21
Let f(d) = 27*d**2 - 317*d + 1863. What is the remainder when f(6) is divided by 924?
9
Let j = 12 + -16. Let k be 18 - 24/(-20)*10/j. Suppose -2*t - 5*h + 0*h = -30, 3*h = -t + k. Calculate the remainder when t is divided by 6.
3
What is the remainder when 3332 + -10 + (24/(-4) - -15) is divided by 33?
31
Suppose -16*w + 15 = -11*w. Suppose -5*d + w = -4*d. Suppose k + d = x + 4*k, 63 = 5*x + 3*k. Calculate the remainder when 27 is divided by x.
12
Let p(m) = m**3 - 139*m**2 + 422*m - 344. Calculate the remainder when p(136) is divided by 220.
20
Suppose 1351 = 9*p + 125 - 610. What is the remainder when 217 is divided by p?
13
Let c be (-28)/(-4) + -12 + 1033. Suppose c - 5373 = -11*i. Calculate the remainder when i is divided by 22.
21
Let o(x) = -x**2 + 4*x + 35. Let k be o(-5). Calculate the remainder when 233 is divided by 9/(54/(-12))*k.
13
Let h(d) = -d**3 + 4*d**2 + 26*d + 8. Let n(i) = i**3 + 17*i**2 + 16*i - 38. Let z be n(-16). Let a = z + 45. What is the remainder when h(a) is divided by 11?
10
Let g = -37 + 101. Suppose 29*y - 21*y = 15*y - 315. Calculate the remainder when y is divided by 3/2*g/6.
13
Let u = -4838 - -4877. Let d(g) = -2*g**3 + 3*g**2 - 4*g + 3. Let b be d(2). Calculate the remainder when u is divided by ((-15)/b)/((-1)/(-3)).
4
Suppose 4*y - 2*l - 1614 = 0, 16*y - 12*y = -3*l + 1599. What is the remainder when 2816 is divided by y?
2
Suppose -4*s + 276 = -0*s. Suppose 263 = -4*z - 3*i, i + 5 = 2*z + 124. Let p = s + z. Calculate the remainder when 33 is divided by p.
5
Let f(p) = 79*p + 40. Let c be f(-1). Let h = 14 + -44. Let q = h - c. What is the remainder when 52 is divided by q?
7
Let i be ((-12)/18)/(12/54). Let z(r) be the first derivative of 13*r**3/3 - 3*r**2/2 + 5*r - 1. Calculate the remainder when z(i) is divided by 33.
32
Let q be 8 + (-1204)/12 + 6/(-9). Let t = q + 104. Calculate the remainder when 67 is divided by t.
1
Let t be 4/(-30) - 2033/(-285). Suppose t = 390*j - 389*j. Calculate the remainder when 90 is divided by j.
6
Let u = 27226 + -27131. What is the remainder when 202 is divided by u?
12
Let o(l) = -9*l**2 - 291*l + 19. What is the remainder when o(-32) is divided by 24?
19
Let z be -2 + 42*3/18*-3. Calculate the remainder when 36 is divided by (-45)/18 + z/(-2).
0
Suppose -27*d + 80 = -11*d. Suppose -41 = -d*l - 1. What is the remainder when l is divided by 3?
2
Let s = 3566 + -3504. What is the remainder when s is divided by 9 - (1 - -1)/2?
6
Let j = 3936 - 3814. Calculate the remainder when 230 is divided by j.
108
Let h(g) = g**3 - 26*g**2 - 7*g - 20. Let r be h(26). Let q = r + 103. Let y = q + 109. What is the remainder when 17 is divided by y?
7
Let b(t) = 15*t**2 - 77. What is the remainder when b(7) is divided by 33?
31
Suppose -3*p + 113 = -2*y - 1048, 2*p - 774 = 5*y. Suppose 10*k - p = k. What is the remainder when k is divided by 16?
11
Let x = 3947 - 3937. What is the remainder when 177 is divided by x?
7
Calculate the remainder when 128 is divided by (2/9 - 2028/(-351))*(-77)/(-42).
7
Let b(q) = 2 - 5*q**2 + 2 + 22*q + 4*q**2 + 13. What is the remainder when b(17) is divided by 35?
32
Let f(c) = 18*c + 64*c**2 + 77*c**2 + 2 - 139*c**2. Suppose 4*q = 4*s + 19 + 13, 2*q = -3*s + 6. What is the remainder when f(-10) is divided by q?
4
Suppose -35 = -5*m, -m + 626 = 4*k - 477. What is the remainder when k is divided by 265?
9
Suppose 0 = 3*p + 97*o - 101*o + 452, 4*p + 566 = -2*o. Calculate the remainder when ((-34)/(-8))/((-36)/p) is divided by 4.
1
Let f = -398 - -618. Let g(b) = 6*b**2 + 12*b + 14. Let w = 222 + -225. What is the remainder when f is divided by g(w)?
28
Suppose -15278 + 127588 = 55*h. What is the remainder when h is divided by 5?
2
Let d(k) = -14*k**3 + 491*k**2 - 32*k + 58. Calculate the remainder when 180 is divided by d(35).
17
Let u(r) = -15*r - 49. Let t be u(-5). Calculate the remainder when 185 is divided by (-78)/t*124/(-6).
61
Calculate the remainder when (562/(-3))/((-502)/2259) is divided by 18.
15
Suppose -16*s - 9*s = -125. Let f(n) = 13*n + 1. Let b(r) = -65*r - 5. Let j(k) = 6*b(k) + 33*f(k). What is the remainder when j(s) is divided by 40?
38
Suppose 19*h + 12 = -102. Calculate the remainder when 195 is divided by 4 - 1 - -19 - h.
27
Suppose -13*y = -19*y + 30. Suppose -49*w = -20*w - 2813. Calculate the remainder when w is divided by y.
2
Suppose 67*o - 64*o - 981 = 0. Suppose -12*a + 867 = o. What is the remainder when 629 is divided by a?
44
Let s = 235278 - 235242. What is the remainder when s is divided by (-1 - -3)*6/4?
0
Suppose -9*c + 66 = 3. Suppose -c*g + 10*g = 99. Calculate the remainder when 95 + -1 + 1 + 0 is divided by g.
29
Let y = -18 + 19. Suppose -y = w + 4*t, t + 2*t = -3. Calculate the remainder when 26/(-2)*(-7 + w + 3) is divided by 6.
1
Let w(a) = -a + 217. Calculate the remainder when w(14) is divided by 34.
33
Suppose 5*u = 2*p + 845, -p - 430 = -0*p + 5*u. Let t = p - -433. Suppose -2*s + 120 = 3*s. Calculate the remainder when s is divided by t.
0
Let w(x) = x + 41. Let k(c) = 76*c**3 - c**2 - 9*c + 10. What is the remainder when k(1) is divided by w(0)?
35
Let g(w) = -w**3 - 5*w**2 - 38*w + 61. Calculate the remainder when g(-8) is divided by 13.
11
Suppose -g - f = 72 - 28, 5*f = -2*g - 97. Let z = 87 + g. Suppose -h + 5*u = -139 - 2, -270 = -2*h - 2*u. Calculate the remainder when h is divided by z.
44
Let l(q) = -43*q + 158. Let n be l(4). Let z(g) = 2*g + 34. What is the remainder when 13 is divided by z(n)?
1
Suppose -4*u + 10 = 5*q - 7*u, 0 = -3*q + 5*u + 6. Suppose -2*i + 248 = q*i. Calculate the remainder when i is divided by 33.
29
Let w(a) = -a**3 + a**2 + 5*a - 6. Suppose v + 50 = -69. Let x = -60 - v. Calculate the remainder when x is divided by w(-3).
14
Suppose -3*s + 103*x - 101*x + 1949 = 0, 3*x - 1944 = -3*s. Calculate the remainder when s is divided by 3.
1
Let f(o) = -6*o**3 - 2*o**2 - 3*o + 2. Let c be f(-3). Let n = c + -150. What is the remainder when 10 is divided by n?
0
Suppose -5*c = -1 - 24. Suppose 0 = -4*a - c*v + 9, -18 = -0*a - 5*a - 4*v. Suppose -a*q - 84 + 300 = 0. Calculate the remainder when q is divided by 19.
17
Let s(q) = 6*q + 4. Let v(c) = -c**3 + 8*c**2 - c - 32. Let i = 137 - 130. Calculate the remainder when s(4) is divided by v(i).
8
Suppose 9 + 21 = 15*o. Suppose -2*a - q - o*q = -316, -5*a + 5*q + 790 = 0. Calculate the remainder when a is divided by 54.
50
Suppose 0*z + 3*z - 366 = 102. Calculate the remainder when 1864 is divided by z.
148
Let w = 318 + -322. Let a(t) = -15*t - 35. Let p(u) = 7*u**2 + 6*u + 3. What is the remainder when p(-4) is divided by a(w)?
16
Suppose 16 = 24*z - 23*z. Suppose -2*c = c - 6. Suppose 24 = c*n - 94. What is the remainder when n is divided by z?
11
Suppose 2*h - 2*z = 2, 2*h = 4*h + 2*z - 22. Suppose -h*r = -4*r - 20. Calculate the remainder when (-63 - -54)*(-32)/6 is divided by r.
8
Let q(v) = 38*v - 616. Calculate the remainder when 5779 is divided by q(18).
67
Let l(n) = n**3 + n - 5. Let c be l(4). Suppose h = -m + 5*m - c, 3*m - 5*h = 60. Calculate the remainder when 42 is divided by m.
12
Let p 